{"id":1088,"date":"2020-07-17T14:26:48","date_gmt":"2020-07-17T12:26:48","guid":{"rendered":"https:\/\/www.wurzer.com\/wohnpark\/?page_id=1088"},"modified":"2020-08-28T13:00:10","modified_gmt":"2020-08-28T11:00:10","slug":"oeko-haus-2","status":"publish","type":"page","link":"https:\/\/www.wurzer.com\/wohnpark\/oeko-haus-2\/","title":{"rendered":"\u00d6ko-Haus"},"content":{"rendered":"<p>[et_pb_section fb_built=&#8220;1&#8243; specialty=&#8220;on&#8220; padding_top_bottom_link_1=&#8220;false&#8220; padding_left_right_link_1=&#8220;false&#8220; padding_top_1=&#8220;8vw&#8220; padding_1_tablet=&#8220;16vw|10%||10%|false|true&#8220; padding_1_phone=&#8220;&#8220; padding_1_last_edited=&#8220;on|tablet&#8220; admin_label=&#8220;Heading&#8220; _builder_version=&#8220;4.4.0&#8243; background_color=&#8220;#092f3a&#8220; inner_width=&#8220;90%&#8220; inner_width_tablet=&#8220;100%&#8220; inner_width_phone=&#8220;&#8220; inner_width_last_edited=&#8220;on|tablet&#8220; inner_max_width=&#8220;none&#8220; inner_module_alignment=&#8220;right&#8220; custom_padding=&#8220;0px||0px||true|false&#8220; locked=&#8220;off&#8220;][et_pb_column type=&#8220;1_2&#8243; _builder_version=&#8220;3.25&#8243; custom_padding=&#8220;|||&#8220; custom_padding__hover=&#8220;|||&#8220;][et_pb_text _builder_version=&#8220;4.4.0&#8243; header_font=&#8220;Unna||||||||&#8220; header_font_size=&#8220;8vw&#8220; header_2_font=&#8220;Unna|700|||||||&#8220; header_2_text_color=&#8220;#d1dedc&#8220; header_2_font_size=&#8220;36px&#8220; background_layout=&#8220;dark&#8220; custom_padding=&#8220;2px|||||&#8220; header_font_tablet=&#8220;&#8220; header_font_phone=&#8220;&#8220; header_font_last_edited=&#8220;on|phone&#8220; header_font_size_tablet=&#8220;60px&#8220; header_font_size_phone=&#8220;42px&#8220; header_font_size_last_edited=&#8220;on|tablet&#8220; header_2_font_size_tablet=&#8220;&#8220; header_2_font_size_phone=&#8220;24px&#8220; header_2_font_size_last_edited=&#8220;on|phone&#8220; locked=&#8220;off&#8220;]<\/p>\n<h2>Erneuerbare Energie<\/h2>\n<h1>Nachhaltig leben<\/h1>\n<p>[\/et_pb_text][et_pb_button button_url=&#8220;#oeco&#8220; button_text=&#8220;Mehr erfahren&#8220; _builder_version=&#8220;4.5.1&#8243; custom_button=&#8220;on&#8220; button_text_size=&#8220;14px&#8220; button_text_color=&#8220;#ffffff&#8220; button_bg_color=&#8220;#104657&#8243; button_border_color=&#8220;rgba(0,0,0,0)&#8220; button_border_radius=&#8220;0px&#8220; button_letter_spacing=&#8220;4px&#8220; button_font=&#8220;|700||on|||||&#8220; button_icon=&#8220;%%3%%&#8220; background_layout=&#8220;dark&#8220; custom_padding=&#8220;15px|40px|15px|40px|true|true&#8220; locked=&#8220;off&#8220;][\/et_pb_button][\/et_pb_column][et_pb_column type=&#8220;1_2&#8243; specialty_columns=&#8220;2&#8243; _builder_version=&#8220;3.25&#8243; custom_padding=&#8220;|||&#8220; custom_padding__hover=&#8220;|||&#8220;][et_pb_row_inner column_structure=&#8220;1_2,1_2&#8243; use_custom_gutter=&#8220;on&#8220; gutter_width=&#8220;1&#8243; make_equal=&#8220;on&#8220; _builder_version=&#8220;4.5.1&#8243; background_enable_image=&#8220;off&#8220; custom_padding=&#8220;0px||0px||true|&#8220;][et_pb_column_inner type=&#8220;1_2&#8243; saved_specialty_column_type=&#8220;1_2&#8243; _builder_version=&#8220;4.5.1&#8243; background_image=&#8220;https:\/\/www.wurzer.com\/wohnpark\/wp-content\/uploads\/2015\/01\/aGarten_tilt.jpg&#8220; parallax=&#8220;on&#8220; custom_padding=&#8220;||||false|false&#8220;][et_pb_divider show_divider=&#8220;off&#8220; disabled_on=&#8220;off|off|on&#8220; _builder_version=&#8220;4.4.0&#8243; height=&#8220;80vw&#8220;][\/et_pb_divider][\/et_pb_column_inner][et_pb_column_inner type=&#8220;1_2&#8243; saved_specialty_column_type=&#8220;1_2&#8243; _builder_version=&#8220;4.4.0&#8243; background_color=&#8220;#d1dedc&#8220; custom_padding=&#8220;||||false|false&#8220;][et_pb_text _builder_version=&#8220;4.5.1&#8243; header_3_font=&#8220;Unna|||on|||||&#8220; header_3_font_size=&#8220;3vw&#8220; header_3_letter_spacing=&#8220;1px&#8220; header_3_line_height=&#8220;1.1em&#8220; background_color=&#8220;#ffffff&#8220; custom_padding=&#8220;11vw|30px|50px|30px|false|true&#8220; custom_padding_tablet=&#8220;20vw||||false|true&#8220; custom_padding_phone=&#8220;&#8220; custom_padding_last_edited=&#8220;on|phone&#8220; header_3_font_size_tablet=&#8220;7vw&#8220; header_3_font_size_phone=&#8220;10vw&#8220; header_3_font_size_last_edited=&#8220;on|phone&#8220; locked=&#8220;off&#8220;]<\/p>\n<h3>Im Einklang mit der Natur<\/h3>\n<p>[\/et_pb_text][et_pb_image src=&#8220;https:\/\/www.wurzer.com\/wohnpark\/wp-content\/uploads\/2020\/07\/home-organizer-22.jpg&#8220; _builder_version=&#8220;4.4.0&#8243; custom_margin=&#8220;||||false|false&#8220;][\/et_pb_image][\/et_pb_column_inner][\/et_pb_row_inner][et_pb_row_inner _builder_version=&#8220;4.4.0&#8243; background_color=&#8220;#ff6600&#8243; custom_padding=&#8220;20px|20px|14px|20px|false|true&#8220;][et_pb_column_inner saved_specialty_column_type=&#8220;1_2&#8243; _builder_version=&#8220;4.4.0&#8243;][\/et_pb_column_inner][\/et_pb_row_inner][\/et_pb_column][\/et_pb_section][et_pb_section fb_built=&#8220;1&#8243; custom_padding_last_edited=&#8220;off|desktop&#8220; admin_label=&#8220;Services&#8220; module_id=&#8220;oeco&#8220; _builder_version=&#8220;4.5.1&#8243; background_color=&#8220;#ecf3f2&#8243; width_phone=&#8220;100%&#8220; width_last_edited=&#8220;off|desktop&#8220; custom_padding=&#8220;0px||||false|false&#8220; custom_padding_phone=&#8220;|||0vw|false|false&#8220; locked=&#8220;off&#8220;][et_pb_row column_structure=&#8220;1_2,1_2&#8243; use_custom_gutter=&#8220;on&#8220; gutter_width=&#8220;1&#8243; _builder_version=&#8220;4.4.0&#8243; background_enable_color=&#8220;off&#8220; width=&#8220;100%&#8220; width_tablet=&#8220;&#8220; width_phone=&#8220;90%&#8220; width_last_edited=&#8220;on|desktop&#8220; custom_padding=&#8220;0px||0px|||&#8220; module_alignment_tablet=&#8220;&#8220; module_alignment_phone=&#8220;center&#8220; module_alignment_last_edited=&#8220;on|phone&#8220;][et_pb_column type=&#8220;1_2&#8243; _builder_version=&#8220;4.4.0&#8243; border_width_right=&#8220;1px&#8220; border_color_right=&#8220;rgba(51,51,51,0.1)&#8220; border_width_right_tablet=&#8220;0px&#8220; border_width_right_phone=&#8220;&#8220; border_width_right_last_edited=&#8220;on|tablet&#8220; background__hover_enabled=&#8220;on|hover&#8220; background_color__hover=&#8220;#859195&#8243; background_enable_color__hover=&#8220;on&#8220;][et_pb_blurb title=&#8220;100 % \u00d6ko-Strom&#8220; image=&#8220;https:\/\/www.wurzer.com\/wohnpark\/wp-content\/uploads\/2020\/07\/wasser4.png&#8220; _builder_version=&#8220;4.5.1&#8243; header_font=&#8220;Unna|700|||||||&#8220; header_font_size=&#8220;30px&#8220; header_line_height=&#8220;1.2em&#8220; body_line_height=&#8220;1.8em&#8220; background_color=&#8220;rgba(0,0,0,0)&#8220; min_height=&#8220;326px&#8220; custom_padding=&#8220;80px|30px|101px|30px|false|true&#8220; custom_padding_tablet=&#8220;40px||40px||true|true&#8220; custom_padding_phone=&#8220;30px|20px|30px|20px|true|true&#8220; custom_padding_last_edited=&#8220;on|phone&#8220; animation=&#8220;off&#8220; box_shadow_style=&#8220;preset4&#8243; box_shadow_horizontal=&#8220;0px&#8220; box_shadow_vertical=&#8220;0px&#8220; box_shadow_color=&#8220;#104657&#8243; background__hover_enabled=&#8220;on|desktop&#8220; background_color__hover=&#8220;#104657&#8243; background_enable_color__hover=&#8220;on&#8220; image__hover_enabled=&#8220;on|hover&#8220; image__hover=&#8220;https:\/\/www.wurzer.com\/wohnpark\/wp-content\/uploads\/2020\/07\/wasser3_inv.png&#8220; background_layout__hover_enabled=&#8220;on|hover&#8220; background_layout__hover=&#8220;dark&#8220; box_shadow_vertical__hover_enabled=&#8220;on|hover&#8220; box_shadow_vertical__hover=&#8220;20px&#8220; box_shadow_color__hover_enabled=&#8220;off|desktop&#8220; box_shadow_color__hover=&#8220;#104657&#8243;]<\/p>\n<p>Die Stromversorgung unseres Hauses erfolgt durch\u00a0<strong>100 % Wasserkraft &amp; \u00d6koenergie<\/strong>.<\/p>\n<p>[\/et_pb_blurb][\/et_pb_column][et_pb_column type=&#8220;1_2&#8243; _builder_version=&#8220;3.27.2&#8243; border_width_right=&#8220;1px&#8220; border_color_right=&#8220;rgba(51,51,51,0.1)&#8220; border_width_right_tablet=&#8220;0px&#8220; border_width_right_phone=&#8220;&#8220; border_width_right_last_edited=&#8220;on|tablet&#8220; background_enable_color__hover=&#8220;on&#8220; background__hover_enabled=&#8220;on|hover&#8220; background_color__hover=&#8220;#859195&#8243;][et_pb_blurb title=&#8220;100 % \u00d6ko-W\u00e4rme&#8220; image=&#8220;https:\/\/www.wurzer.com\/wohnpark\/wp-content\/uploads\/2020\/07\/baum3.png&#8220; image_last_edited=&#8220;off|desktop&#8220; _builder_version=&#8220;4.5.1&#8243; header_font=&#8220;Unna|700|||||||&#8220; header_font_size=&#8220;30px&#8220; header_line_height=&#8220;1.2em&#8220; body_line_height=&#8220;1.8em&#8220; background_color=&#8220;rgba(0,0,0,0)&#8220; custom_padding=&#8220;80px|30px|101px|30px|false|true&#8220; custom_padding_tablet=&#8220;40px||40px||true|true&#8220; custom_padding_phone=&#8220;30px|20px|30px|20px|true|true&#8220; custom_padding_last_edited=&#8220;on|phone&#8220; animation=&#8220;off&#8220; box_shadow_style=&#8220;preset4&#8243; box_shadow_horizontal=&#8220;0px&#8220; box_shadow_vertical=&#8220;0px&#8220; box_shadow_color=&#8220;#104657&#8243; locked=&#8220;off&#8220; background_color__hover=&#8220;#104657&#8243; box_shadow_vertical__hover=&#8220;20px&#8220; box_shadow_vertical__hover_enabled=&#8220;on|hover&#8220; background_enable_color__hover=&#8220;on&#8220; background_layout__hover=&#8220;dark&#8220; background_layout__hover_enabled=&#8220;on|hover&#8220; image__hover_enabled=&#8220;on|hover&#8220; image__hover=&#8220;https:\/\/www.wurzer.com\/wohnpark\/wp-content\/uploads\/2020\/07\/baum3_inv.png&#8220; box_shadow_color__hover=&#8220;#104657&#8243; box_shadow_color__hover_enabled=&#8220;on|hover&#8220; background__hover_enabled=&#8220;on|desktop&#8220;]<\/p>\n<p>Unser Haus wird durch <strong>Fernw\u00e4rme aus regionalen Hackschnitzeln<\/strong> versorgt.<\/p>\n<p>[\/et_pb_blurb][\/et_pb_column][\/et_pb_row][\/et_pb_section][et_pb_section fb_built=&#8220;1&#8243; specialty=&#8220;on&#8220; admin_label=&#8220;How it Works&#8220; _builder_version=&#8220;4.4.0&#8243; border_color_all=&#8220;#ecf3f2&#8243; border_width_right=&#8220;10vw&#8220;][et_pb_column type=&#8220;1_2&#8243; _builder_version=&#8220;3.25&#8243; custom_padding=&#8220;|||&#8220; custom_padding__hover=&#8220;|||&#8220;][et_pb_text _builder_version=&#8220;4.4.0&#8243; text_font_size=&#8220;15px&#8220; text_line_height=&#8220;2em&#8220; header_2_font=&#8220;Unna||||||||&#8220; header_2_font_size=&#8220;72px&#8220; header_2_font_size_tablet=&#8220;48px&#8220; header_2_font_size_phone=&#8220;32px&#8220; header_2_font_size_last_edited=&#8220;on|phone&#8220; locked=&#8220;off&#8220;]<\/p>\n<h2>\u00d6ko-logisch Wohnen<\/h2>\n<p>[\/et_pb_text][et_pb_text _builder_version=&#8220;4.5.1&#8243; text_font_size=&#8220;15px&#8220; text_line_height=&#8220;2em&#8220; header_4_font=&#8220;Unna|700|||||||&#8220; header_4_font_size=&#8220;24px&#8220; header_4_line_height=&#8220;1.2em&#8220; custom_padding=&#8220;2px|||||&#8220; header_4_font_size_tablet=&#8220;20px&#8220; header_4_font_size_phone=&#8220;18px&#8220; header_4_font_size_last_edited=&#8220;on|phone&#8220; locked=&#8220;off&#8220; background__hover_enabled=&#8220;on|desktop&#8220; header_2_background__hover_enabled=&#8220;on|desktop&#8220; header_3_background__hover_enabled=&#8220;on|desktop&#8220; header_4_background__hover_enabled=&#8220;on|desktop&#8220; header_5_background__hover_enabled=&#8220;on|desktop&#8220; header_6_background__hover_enabled=&#8220;on|desktop&#8220;]<\/p>\n<h4>1. Lebenswerter Standort<\/h4>\n<p>Umrahmt von Bergen, Wiesen und Feldern &#8211; ein Ort, der f\u00fcr <strong>Lebensqualit\u00e4t<\/strong> b\u00fcrgt.<\/p>\n<p>[\/et_pb_text][et_pb_text _builder_version=&#8220;3.27.4&#8243; text_font_size=&#8220;15px&#8220; text_line_height=&#8220;2em&#8220; header_4_font=&#8220;Unna|700|||||||&#8220; header_4_font_size=&#8220;24px&#8220; header_4_line_height=&#8220;1.2em&#8220; custom_padding=&#8220;0px|||||&#8220; header_4_font_size_tablet=&#8220;20px&#8220; header_4_font_size_phone=&#8220;18px&#8220; header_4_font_size_last_edited=&#8220;on|phone&#8220; locked=&#8220;off&#8220; header_2_4_font_size_tablet=&#8220;20px&#8220; header_3_4_font_size_tablet=&#8220;20px&#8220; header_4_4_font_size_tablet=&#8220;20px&#8220; header_5_4_font_size_tablet=&#8220;20px&#8220; header_6_4_font_size_tablet=&#8220;20px&#8220; header_2_4_font_size_phone=&#8220;18px&#8220; header_3_4_font_size_phone=&#8220;18px&#8220; header_4_4_font_size_phone=&#8220;18px&#8220; header_5_4_font_size_phone=&#8220;18px&#8220; header_6_4_font_size_phone=&#8220;18px&#8220; header_2_4_font_size_last_edited=&#8220;on|phone&#8220; header_3_4_font_size_last_edited=&#8220;on|phone&#8220; header_4_4_font_size_last_edited=&#8220;on|phone&#8220; header_5_4_font_size_last_edited=&#8220;on|phone&#8220; header_6_4_font_size_last_edited=&#8220;on|phone&#8220; background__hover_enabled=&#8220;on|desktop&#8220;]<\/p>\n<h4>2. Niedrigenergiehaus<\/h4>\n<p>Der neu gebaute S\u00fcdfl\u00fcgel des Hauses wurde nach Ma\u00dfst\u00e4ben eines Niedrigenergiehauses gebaut und weist daher einen <strong>um 50 % niedrigeren Energieverbrauch<\/strong> auf.<\/p>\n<p>[\/et_pb_text][et_pb_text _builder_version=&#8220;3.27.4&#8243; text_font_size=&#8220;15px&#8220; text_line_height=&#8220;2em&#8220; header_4_font=&#8220;Unna|700|||||||&#8220; header_4_font_size=&#8220;24px&#8220; header_4_line_height=&#8220;1.2em&#8220; custom_padding=&#8220;2px|||||&#8220; header_4_font_size_tablet=&#8220;20px&#8220; header_4_font_size_phone=&#8220;18px&#8220; header_4_font_size_last_edited=&#8220;on|phone&#8220; locked=&#8220;off&#8220; header_2_4_font_size_tablet=&#8220;20px&#8220; header_3_4_font_size_tablet=&#8220;20px&#8220; header_4_4_font_size_tablet=&#8220;20px&#8220; header_5_4_font_size_tablet=&#8220;20px&#8220; header_6_4_font_size_tablet=&#8220;20px&#8220; header_2_4_font_size_phone=&#8220;18px&#8220; header_3_4_font_size_phone=&#8220;18px&#8220; header_4_4_font_size_phone=&#8220;18px&#8220; header_5_4_font_size_phone=&#8220;18px&#8220; header_6_4_font_size_phone=&#8220;18px&#8220; header_2_4_font_size_last_edited=&#8220;on|phone&#8220; header_3_4_font_size_last_edited=&#8220;on|phone&#8220; header_4_4_font_size_last_edited=&#8220;on|phone&#8220; header_5_4_font_size_last_edited=&#8220;on|phone&#8220; header_6_4_font_size_last_edited=&#8220;on|phone&#8220; background__hover_enabled=&#8220;on|desktop&#8220;]<\/p>\n<h4>3. umweltfreundlich<\/h4>\n<p>Sowohl die Strom- als auch W\u00e4rmeversorgung des Hauses stammen aus <strong>100 % erneuerbaren Energietr\u00e4gern<\/strong> (Wasserkraft &amp; \u00d6koenergie, wie z.B. Hackschnitzel).<\/p>\n<p>[\/et_pb_text][\/et_pb_column][et_pb_column type=&#8220;1_2&#8243; specialty_columns=&#8220;2&#8243; _builder_version=&#8220;3.25&#8243; custom_padding=&#8220;|||&#8220; custom_padding__hover=&#8220;|||&#8220;][et_pb_row_inner _builder_version=&#8220;4.4.0&#8243;][et_pb_column_inner saved_specialty_column_type=&#8220;1_2&#8243; _builder_version=&#8220;4.4.0&#8243;][et_pb_image src=&#8220;https:\/\/www.wurzer.com\/wohnpark\/wp-content\/uploads\/2014\/09\/WP_20140909_10_25_58_Pro.jpg&#8220; title_text=&#8220;WP_20140909_10_25_58_Pro&#8220; _builder_version=&#8220;4.5.1&#8243; scroll_vertical_motion_enable=&#8220;on&#8220; scroll_vertical_motion=&#8220;0|50|50|100|1|0|-1&#8243; locked=&#8220;off&#8220;][\/et_pb_image][\/et_pb_column_inner][\/et_pb_row_inner][et_pb_row_inner column_structure=&#8220;1_2,1_2&#8243; _builder_version=&#8220;4.4.0&#8243;][et_pb_column_inner type=&#8220;1_2&#8243; saved_specialty_column_type=&#8220;1_2&#8243; _builder_version=&#8220;4.4.0&#8243;][et_pb_image src=&#8220;https:\/\/www.wurzer.com\/wohnpark\/wp-content\/uploads\/2014\/09\/wohnpark.jpg&#8220; title_text=&#8220;Gro\u00dfer Garten mit Laube und Griller&#8220; _builder_version=&#8220;4.5.1&#8243; scroll_vertical_motion_enable=&#8220;on&#8220; scroll_vertical_motion=&#8220;0|50|50|100|2|0|-2&#8243; locked=&#8220;off&#8220;][\/et_pb_image][\/et_pb_column_inner][et_pb_column_inner type=&#8220;1_2&#8243; saved_specialty_column_type=&#8220;1_2&#8243; _builder_version=&#8220;4.4.0&#8243;][et_pb_image src=&#8220;https:\/\/www.wurzer.com\/wohnpark\/wp-content\/uploads\/2015\/01\/aGarten_tilt.jpg&#8220; title_text=&#8220;Eigene G\u00e4rten im Erdgescho\u00df&#8220; _builder_version=&#8220;4.5.1&#8243; custom_margin=&#8220;|-5vw|||false|false&#8220; custom_margin_tablet=&#8220;&#8220; custom_margin_phone=&#8220;|0vw|||false|false&#8220; custom_margin_last_edited=&#8220;on|phone&#8220; scroll_scaling_enable=&#8220;on&#8220; scroll_scaling=&#8220;0|50|50|100|80%|100|120%&#8220; locked=&#8220;off&#8220;][\/et_pb_image][\/et_pb_column_inner][\/et_pb_row_inner][\/et_pb_column][\/et_pb_section]<\/p>\n","protected":false},"excerpt":{"rendered":"<p>Erneuerbare Energie Nachhaltig lebenIm Einklang mit der NaturDie Stromversorgung unseres Hauses erfolgt durch\u00a0100 % Wasserkraft &amp; \u00d6koenergie.Unser Haus wird durch Fernw\u00e4rme aus regionalen Hackschnitzeln versorgt.\u00d6ko-logisch Wohnen1. Lebenswerter Standort Umrahmt von Bergen, Wiesen und Feldern &#8211; ein Ort, der f\u00fcr Lebensqualit\u00e4t b\u00fcrgt.2. Niedrigenergiehaus Der neu gebaute S\u00fcdfl\u00fcgel des Hauses wurde nach Ma\u00dfst\u00e4ben eines Niedrigenergiehauses gebaut und [&hellip;]<\/p>\n","protected":false},"author":3,"featured_media":0,"parent":0,"menu_order":0,"comment_status":"closed","ping_status":"closed","template":"","meta":{"_et_pb_use_builder":"on","_et_pb_old_content":"","_et_gb_content_width":"","footnotes":""},"class_list":["post-1088","page","type-page","status-publish","hentry"],"yoast_head":"<!-- This site is optimized with the Yoast SEO plugin v27.4 - https:\/\/yoast.com\/product\/yoast-seo-wordpress\/ -->\n<title>\u00d6ko-Haus - Wohnpark Wurzer<\/title>\n<meta name=\"robots\" content=\"index, follow, max-snippet:-1, max-image-preview:large, max-video-preview:-1\" \/>\n<link rel=\"canonical\" href=\"https:\/\/www.wurzer.com\/wohnpark\/oeko-haus-2\/\" \/>\n<meta property=\"og:locale\" content=\"de_DE\" \/>\n<meta property=\"og:type\" content=\"article\" \/>\n<meta property=\"og:title\" content=\"\u00d6ko-Haus - Wohnpark Wurzer\" \/>\n<meta property=\"og:description\" content=\"Erneuerbare Energie Nachhaltig lebenIm Einklang mit der NaturDie Stromversorgung unseres Hauses erfolgt durch\u00a0100 % Wasserkraft &amp; \u00d6koenergie.Unser Haus wird durch Fernw\u00e4rme aus regionalen Hackschnitzeln versorgt.\u00d6ko-logisch Wohnen1. Lebenswerter Standort Umrahmt von Bergen, Wiesen und Feldern - ein Ort, der f\u00fcr Lebensqualit\u00e4t b\u00fcrgt.2. Niedrigenergiehaus Der neu gebaute S\u00fcdfl\u00fcgel des Hauses wurde nach Ma\u00dfst\u00e4ben eines Niedrigenergiehauses gebaut und [&hellip;]\" \/>\n<meta property=\"og:url\" content=\"https:\/\/www.wurzer.com\/wohnpark\/oeko-haus-2\/\" \/>\n<meta property=\"og:site_name\" content=\"Wohnpark Wurzer\" \/>\n<meta property=\"article:modified_time\" content=\"2020-08-28T11:00:10+00:00\" \/>\n<meta name=\"twitter:card\" content=\"summary_large_image\" \/>\n<meta name=\"twitter:label1\" content=\"Gesch\u00e4tzte Lesezeit\" \/>\n\t<meta name=\"twitter:data1\" content=\"9\u00a0Minuten\" \/>\n<script type=\"application\/ld+json\" class=\"yoast-schema-graph\">{\"@context\":\"https:\\\/\\\/schema.org\",\"@graph\":[{\"@type\":\"WebPage\",\"@id\":\"https:\\\/\\\/www.wurzer.com\\\/wohnpark\\\/oeko-haus-2\\\/\",\"url\":\"https:\\\/\\\/www.wurzer.com\\\/wohnpark\\\/oeko-haus-2\\\/\",\"name\":\"\u00d6ko-Haus - Wohnpark Wurzer\",\"isPartOf\":{\"@id\":\"https:\\\/\\\/www.wurzer.com\\\/wohnpark\\\/#website\"},\"datePublished\":\"2020-07-17T12:26:48+00:00\",\"dateModified\":\"2020-08-28T11:00:10+00:00\",\"breadcrumb\":{\"@id\":\"https:\\\/\\\/www.wurzer.com\\\/wohnpark\\\/oeko-haus-2\\\/#breadcrumb\"},\"inLanguage\":\"de\",\"potentialAction\":[{\"@type\":\"ReadAction\",\"target\":[\"https:\\\/\\\/www.wurzer.com\\\/wohnpark\\\/oeko-haus-2\\\/\"]}]},{\"@type\":\"BreadcrumbList\",\"@id\":\"https:\\\/\\\/www.wurzer.com\\\/wohnpark\\\/oeko-haus-2\\\/#breadcrumb\",\"itemListElement\":[{\"@type\":\"ListItem\",\"position\":1,\"name\":\"Startseite\",\"item\":\"https:\\\/\\\/www.wurzer.com\\\/wohnpark\\\/\"},{\"@type\":\"ListItem\",\"position\":2,\"name\":\"\u00d6ko-Haus\"}]},{\"@type\":\"WebSite\",\"@id\":\"https:\\\/\\\/www.wurzer.com\\\/wohnpark\\\/#website\",\"url\":\"https:\\\/\\\/www.wurzer.com\\\/wohnpark\\\/\",\"name\":\"Wohnpark Wurzer\",\"description\":\"Wohnen im Gr\u00fcnen\",\"potentialAction\":[{\"@type\":\"SearchAction\",\"target\":{\"@type\":\"EntryPoint\",\"urlTemplate\":\"https:\\\/\\\/www.wurzer.com\\\/wohnpark\\\/?s={search_term_string}\"},\"query-input\":{\"@type\":\"PropertyValueSpecification\",\"valueRequired\":true,\"valueName\":\"search_term_string\"}}],\"inLanguage\":\"de\"}]}<\/script>\n<!-- \/ Yoast SEO plugin. -->","yoast_head_json":{"title":"\u00d6ko-Haus - Wohnpark Wurzer","robots":{"index":"index","follow":"follow","max-snippet":"max-snippet:-1","max-image-preview":"max-image-preview:large","max-video-preview":"max-video-preview:-1"},"canonical":"https:\/\/www.wurzer.com\/wohnpark\/oeko-haus-2\/","og_locale":"de_DE","og_type":"article","og_title":"\u00d6ko-Haus - Wohnpark Wurzer","og_description":"Erneuerbare Energie Nachhaltig lebenIm Einklang mit der NaturDie Stromversorgung unseres Hauses erfolgt durch\u00a0100 % Wasserkraft &amp; \u00d6koenergie.Unser Haus wird durch Fernw\u00e4rme aus regionalen Hackschnitzeln versorgt.\u00d6ko-logisch Wohnen1. Lebenswerter Standort Umrahmt von Bergen, Wiesen und Feldern - ein Ort, der f\u00fcr Lebensqualit\u00e4t b\u00fcrgt.2. Niedrigenergiehaus Der neu gebaute S\u00fcdfl\u00fcgel des Hauses wurde nach Ma\u00dfst\u00e4ben eines Niedrigenergiehauses gebaut und [&hellip;]","og_url":"https:\/\/www.wurzer.com\/wohnpark\/oeko-haus-2\/","og_site_name":"Wohnpark Wurzer","article_modified_time":"2020-08-28T11:00:10+00:00","twitter_card":"summary_large_image","twitter_misc":{"Gesch\u00e4tzte Lesezeit":"9\u00a0Minuten"},"schema":{"@context":"https:\/\/schema.org","@graph":[{"@type":"WebPage","@id":"https:\/\/www.wurzer.com\/wohnpark\/oeko-haus-2\/","url":"https:\/\/www.wurzer.com\/wohnpark\/oeko-haus-2\/","name":"\u00d6ko-Haus - Wohnpark Wurzer","isPartOf":{"@id":"https:\/\/www.wurzer.com\/wohnpark\/#website"},"datePublished":"2020-07-17T12:26:48+00:00","dateModified":"2020-08-28T11:00:10+00:00","breadcrumb":{"@id":"https:\/\/www.wurzer.com\/wohnpark\/oeko-haus-2\/#breadcrumb"},"inLanguage":"de","potentialAction":[{"@type":"ReadAction","target":["https:\/\/www.wurzer.com\/wohnpark\/oeko-haus-2\/"]}]},{"@type":"BreadcrumbList","@id":"https:\/\/www.wurzer.com\/wohnpark\/oeko-haus-2\/#breadcrumb","itemListElement":[{"@type":"ListItem","position":1,"name":"Startseite","item":"https:\/\/www.wurzer.com\/wohnpark\/"},{"@type":"ListItem","position":2,"name":"\u00d6ko-Haus"}]},{"@type":"WebSite","@id":"https:\/\/www.wurzer.com\/wohnpark\/#website","url":"https:\/\/www.wurzer.com\/wohnpark\/","name":"Wohnpark Wurzer","description":"Wohnen im Gr\u00fcnen","potentialAction":[{"@type":"SearchAction","target":{"@type":"EntryPoint","urlTemplate":"https:\/\/www.wurzer.com\/wohnpark\/?s={search_term_string}"},"query-input":{"@type":"PropertyValueSpecification","valueRequired":true,"valueName":"search_term_string"}}],"inLanguage":"de"}]}},"_links":{"self":[{"href":"https:\/\/www.wurzer.com\/wohnpark\/wp-json\/wp\/v2\/pages\/1088","targetHints":{"allow":["GET"]}}],"collection":[{"href":"https:\/\/www.wurzer.com\/wohnpark\/wp-json\/wp\/v2\/pages"}],"about":[{"href":"https:\/\/www.wurzer.com\/wohnpark\/wp-json\/wp\/v2\/types\/page"}],"author":[{"embeddable":true,"href":"https:\/\/www.wurzer.com\/wohnpark\/wp-json\/wp\/v2\/users\/3"}],"replies":[{"embeddable":true,"href":"https:\/\/www.wurzer.com\/wohnpark\/wp-json\/wp\/v2\/comments?post=1088"}],"version-history":[{"count":12,"href":"https:\/\/www.wurzer.com\/wohnpark\/wp-json\/wp\/v2\/pages\/1088\/revisions"}],"predecessor-version":[{"id":1196,"href":"https:\/\/www.wurzer.com\/wohnpark\/wp-json\/wp\/v2\/pages\/1088\/revisions\/1196"}],"wp:attachment":[{"href":"https:\/\/www.wurzer.com\/wohnpark\/wp-json\/wp\/v2\/media?parent=1088"}],"curies":[{"name":"wp","href":"https:\/\/api.w.org\/{rel}","templated":true}]}}